p be h(z). Let d(m) = m**2 + 3*m - 2. Give d(p).
-2
Let m(j) be the second derivative of -7/20*j**5 + 1/2*j**2 + 0 + 0*j**3 - 1/12*j**4 + j. Calculate m(-1).
7
Let d(s) = -s**2 - 11*s - 4. Let u be d(-10). Let k = u - 8. Let a(f) = f**2 + 2*f. Calculate a(k).
0
Let k(w) = -2*w + 2. Let a(o) = o**3 + 6*o**2 - 17*o - 10. Let m be a(-8). Give k(m).
6
Let n be 88/(-20) - (-4)/10. Let m(q) = 2*q - 3*q + 2 + 4*q - 4*q. Determine m(n).
6
Let k(n) be the second derivative of n**4/6 - 7*n**3/6 + 3*n**2 - 5*n. Determine k(4).
10
Let g = -2 + -4. Let i(a) = -a**2 - 4*a + 6. Determine i(g).
-6
Suppose -11 + 11 = 8*n. Let g(t) = -t + 2. Give g(n).
2
Let v(p) be the second derivative of -4/3*p**3 + 0*p**2 + p + 0. Let u be 95/(-38) + 6/4. Calculate v(u).
8
Let h(n) be the first derivative of n**4/4 + 5*n**3/3 - 2*n**2 + 8*n + 54. What is h(-6)?
-4
Suppose -k = x - 1, k + 19 = 3*x - 0*x. Let w = k + 2. Let s(b) = -2*b + 1. Calculate s(w).
5
Suppose -9 = -3*h + 5*f, -4*h - 23 = -3*f + 8*f. Let a(s) = -2*s**3 - 3*s**2 - s - 2. Calculate a(h).
4
Let c(p) = -p**3 + 4*p**2 - p - 3. Let d = -10 - -13. Determine c(d).
3
Let k(o) = o**3 - 6*o**2 - 7*o - 6. Let a(l) = -4*l**3 - 1 - l**2 - l**3 + 2*l + 6*l**3 + 0*l. Let t be a(2). What is k(t)?
-6
Suppose -1 = 3*g + 11. Let i(y) = y**2 - 8*y + 5. Let r be i(8). Let v(j) = 5*j**2 + 4 + r*j + 2 + j**3 - 3. Give v(g).
-1
Let s(q) be the first derivative of -1/4*q**4 - 8 - 3*q - 5/3*q**3 - 5/2*q**2. Calculate s(-3).
-6
Let g(q) = -q**2 - 4*q + 3. Let c = -20 - -15. What is g(c)?
-2
Let j = 203 + -196. Let m(x) = 5*x - 7. Give m(j).
28
Suppose -5*y - 2 = -12. Let f(q) = 2*q**y + q + 3 + q - q**2. Give f(-2).
3
Let k(x) be the second derivative of -x**7/2520 + x**5/120 - x**4/6 - x. Let d(r) be the third derivative of k(r). Calculate d(1).
0
Let f = 7 - 8. Let z be f + 8/4*1. Let w(x) = -10*x**2 + 1. What is w(z)?
-9
Let s(d) be the second derivative of d**3 + 4*d. Suppose 3*b = -4*k + 15, -2*b + 2*k - 11 = -7*b. Give s(b).
6
Let t(g) = g**3 - 4*g**2 - 2*g + 6. Suppose 6*z - 2*y - 14 = z, -z - 5 = -3*y. Suppose -4*v + 24 = -2*v + z*i, i = 2*v - 4. Determine t(v).
-2
Let c(n) = 2*n + 4. Suppose 9*s - 2*s = -70. Give c(s).
-16
Let h(x) be the second derivative of 0 - 1/12*x**4 - 3/10*x**5 - x + 1/2*x**2 + 1/6*x**3. Suppose 0 = -4*r + r - 3. Determine h(r).
5
Let i(q) = q**3 - 4*q**2 + 4*q - 1. Suppose -4*a = -13 + 1. Determine i(a).
2
Suppose 0 = -5*b - l - 10, 4*b + l = 6*l - 8. Let c(m) = -m**2. Let o(u) = -3*u**2 + 3*u + 1. Let d(z) = -5*c(z) + o(z). Give d(b).
3
Let a(l) = -1 + 1 - l - l + 1. Determine a(1).
-1
Let r(d) = -7 - 10*d**2 + 8 + 9*d**2 + 10*d. What is r(10)?
1
Let w(o) = -4 - 5 - 8*o + 15 + o**2. Let u = 14 + -9. Calculate w(u).
-9
Suppose 2*x - 31 - 1 = 0. Suppose 0 = 4*q - x. Let u(l) be the second derivative of l**5/20 - l**4/4 - l**3 + l**2 + l. What is u(q)?
-6
Suppose -2*m + 7 = -3. Suppose a - 3*a = x, -x - 7 = -m*a. Let k(f) be the first derivative of f**3/3 + f**2/2 - f + 1. Determine k(x).
1
Let z(u) = -2*u + 8*u + 3 + u**2 + 0*u**2 + 0. Let a(x) = 2*x. Let q be a(1). Suppose 5*j + 0*j + 26 = -3*n, -q*n - 24 = 5*j. Calculate z(j).
-5
Let h(d) = 3*d. Let u be (8/(-6))/(10/(-15)). Determine h(u).
6
Let l(p) be the first derivative of -p**7/840 - p**6/180 + p**5/30 + p**4/6 - 2*p**3/3 + 3. Let g(b) be the third derivative of l(b). Calculate g(-3).
1
Let b = -12 + 12. Let d(i) = 7*i**3 - i**2 + 6*i - 12. Let s(j) = -6*j**3 + j**2 - 5*j + 11. Let o(h) = 5*d(h) + 6*s(h). Calculate o(b).
6
Suppose -148*s + 146*s + 10 = 0. Let f(q) = -q**3 + 5*q**2 + q - 2. What is f(s)?
3
Let w be 1/6 - 92/(-24). Let k = 8 - w. Suppose -n - k*s - 14 = 3, 0 = 5*n + 4*s + 21. Let g(j) = j**2. Determine g(n).
1
Let q(p) = p - 5. Suppose 3*y = y. Suppose y = -3*h + 2*h + 13. Let f = h - 7. What is q(f)?
1
Let y(q) be the second derivative of 0 + 5*q - 1/2*q**2 - 2*q**3. Calculate y(-1).
11
Suppose 3*s + 5*w - 11 = 0, -4*w = 2*s - 3*s - 2. Let a(u) = -s*u - u**2 + 3*u - 3 + 5. Let h(i) = -i + 3. Let x be h(5). Give a(x).
-4
Let m = -15 - -29. Let j be ((-21)/m)/(1/2). Let t(z) be the second derivative of z**4/12 + 2*z**3/3 + z**2 + z. Give t(j).
-1
Suppose 4*c - 16 = 3*q, 3*q + q - 4 = -c. Let t be -1 - ((-6)/2 + c). Let p(u) = -2*u**2 - 4*u - 3. Determine p(t).
-3
Let v(p) = -p**3 - p**2 + p + 5. Let c(u) = -u**3 - 9*u**2. Let x be 4/(-14) - (-61)/(-7). Let j be c(x). Calculate v(j).
5
Let g(o) = -o + 4. Let b be g(0). Let h = b + -2. Suppose -3 = -h*u + u. Let p(z) = -z**2 + 3*z + 3. Calculate p(u).
3
Let l be (60/24)/((-2)/4). Let u(s) = -s - 5. Determine u(l).
0
Let v(w) = -w**2 + 3*w + 3. Let k = -10 + 8. What is v(k)?
-7
Let j(z) = z + 11. Let r be j(-7). Let y(k) = 0 + k + r - 4*k - 7. Calculate y(-2).
3
Suppose 4*w - 16 = -0*z - z, 0 = -2*z. Let m(i) be the first derivative of 0*i**2 - i - w - 5/3*i**3 + 1/4*i**4. Determine m(5).
-1
Let q(b) = -3*b**2 + 2 + b**3 - 8 - 4*b + 1. Suppose 3*c - 53 = -5*y + 39, -4*y + 48 = -4*c. Suppose -f - 3*f = -y. Give q(f).
-5
Let d be 3*2/(-18)*-3. Let h = d - -1. Let a(w) = 2*w - 1 + w**h - 2 + w + 0*w**2. Determine a(-5).
7
Let x(q) be the third derivative of 1/6*q**4 - 5/6*q**3 + 0*q - 1/60*q**5 + 0 - 6*q**2. What is x(5)?
-10
Let j(u) be the second derivative of 0 + u**2 + 0*u**4 - 1/6*u**3 + 1/20*u**5 - 2*u. Let o(w) be the first derivative of j(w). Determine o(-1).
2
Let h(y) = 2 - y - 3 + 5 + 4. Give h(-6).
14
Let v be 42/8 + 3/(-12). Let m(a) = 4*a - a - a - 3. Let o(c) = c - 2. Let r(h) = v*o(h) - 3*m(h). What is r(-4)?
3
Let j(p) = 4*p**3 - 1. Suppose -4 = -2*l, 0 = 3*z - 2*l - 1 - 1. Let r = z - 1. Suppose -r = -q - 2. What is j(q)?
-5
Suppose 17*g - 14*g = 21. Let z(t) = 2*t - 8. Give z(g).
6
Let q = 13 + -13. Suppose q*x = 3*x - 18. Let l(j) = j**2 - 6*j + 3. Give l(x).
3
Let b(c) = c**2 - c - 4. Let n(p) = -p**2 + 2*p + 7. Let d(v) = v + 8. Let m be d(-13). Let g(t) = m*b(t) - 3*n(t). Calculate g(2).
-11
Let i(d) = d**2 + 0 + 4*d + 3 + 0*d**2. Suppose 0 = 42*k - 50*k - 40. Determine i(k).
8
Let a(o) = 6*o + 4. Suppose 4*s = -3*v - 22, 5*v = v - 8. Let d(l) = 18*l + 11. Let t(b) = s*d(b) + 11*a(b). Calculate t(1).
-6
Let a be (-4)/10 - (-6)/15. Suppose 0 = -2*c - a*c. Let v(i) = i - i**2 - 8*i + c - 6. Calculate v(-6).
0
Suppose -3*w + 9 = -30. Let p(n) = -3*n + w + 9*n - n**2 - 14. Give p(5).
4
Let u(h) be the first derivative of 6*h - 1/4*h**4 - h**2 - 5 + 5/3*h**3. What is u(4)?
14
Let o(w) = 7*w**2 - w. Suppose -27 = 5*f + g, -9 = 3*f - 0*g + 3*g. Let n be 7 - (f/(-3) - 3). Suppose -2*u + 0 = k + 1, -4*u - n = -4*k. Give o(k).
6
Let y be 4/3*(-6)/4. Let j(m) = m + 3. Let s be j(y). Let q(h) = -6*h + 1. Give q(s).
-5
Let p(k) be the first derivative of -2/3*k**3 + 0*k**2 + 2 + 1/360*k**6 - 1/24*k**4 + 0*k + 1/24*k**5. Let x(o) be the third derivative of p(o). What is x(-5)?
-1
Let z(y) = 5*y + 1. Let t(m) = -2*m + 30. Let h be t(16). Determine z(h).
-9
Let o(f) be the second derivative of f**5/60 + f**4/3 + 7*f**3/6 + f**2 - 3*f. Let u(q) be the first derivative of o(q). Give u(-7).
0
Let t(r) = r**3 + 3*r**2 + 4*r - 1. Suppose 6*w - 8 = 4*w. Suppose 0 = n + w*n. Let k(q) = -q - 3. Let s be k(n). What is t(s)?
-13
Let q be 2 - -1 - (1 + 3). Let w(s) = -6*s**2. Let o be w(q). Let d(u) = u**3 + 6*u**2 - 2*u - 4. Determine d(o).
8
Suppose -3*t = 4*c - 30, 0 = t + 2*c - c - 9. Let v(y) be the third derivative of 0 + 1/24*y**4 + 0*y - 2*y**3 - 3*y**2. Give v(t).
-6
Let j be ((-7)/(-2))/((-2)/4). Let w(r) = -3*r**2 - 2*r + 3*r - r. Let h(k) = -k**2. Let b(y) = j*h(y) + 2*w(y). Give b(-1).
1
Let m(t) = -4*t**2 - 2*t + 10. Let u(d) = 3*d**2 + d - 7. Let f(n) = 5*m(n) + 7*u(n). Give f(2).
-1
Let k(m) = m + 2. Suppose 5*y - 30 = -0*y. Calculate k(y).
8
Let j(a) = 9*a**3 + a**2 + a - 1. Suppose -5*h + 5 + 0 = 0. Give j(h).
10
Let f(t) = -t**3 + 2*t**2 - 2. Let d = 5 + -1. Suppose d*v + 3*r - 12 = -r, 0 = -5*v + 5*r + 5. Give f(v).
-2
Let d be (-30)/(-4) - (-2)/4. Let s(a) = d + a**2 - 8 - 3*a. Determine s(3).
0
Let f(n) be the third derivative of -11*n**2 + 0*n - 2/3*n**3 + 1/8*n**4 + 0. Determine f(6).
14
Let i(d) be the first derivative of -d**3/3 + 5*d**2/2 + 8*d - 8. Let u be i(7). Let p(k) = k**2 + 6*k + 3. What is p(u)?
3
Let h(a) be the second derivative of a**4/12 - a*